509*a + 897. Let y(s) = 57*h(s) - 2*v(s). What is y(6)?
12
Let w = -3 + -4. Let n(s) be the first derivative of -8/3*s**3 - 1/4*s**4 - 2*s + 64 - 5/2*s**2. What is n(w)?
-16
Let i be ((-180)/(-39))/30 - 115/(-13). Let q(v) = -v**2 + 8*v + 3. Calculate q(i).
-6
Let a(n) = -3*n**2 + 5*n - 1. Let p(y) = y**2 - 2*y + 1. Let r be ((-4)/6)/((-2)/21) - 5. Let w(u) = r*a(u) + 5*p(u). Give w(-2).
-1
Let d = -2 + 2. Let b = -357 + 363. Let z(i) = -5*i + 6*i - b + 14. Determine z(d).
8
Let y(d) = 10*d - 83. Let x be y(9). Suppose -5*t - x = 2*v - 32, -3*t = 3*v - 6. Let m(b) = b**2 - 8*b + 14. What is m(t)?
7
Let x(s) = 2988*s**2 + 2994*s**2 + 69 - 6018*s**2 + 126*s + s**3. Determine x(32).
5
Let q(z) = -14*z - 59. Let x(i) = 5*i + 19. Let u(c) = 4*q(c) + 11*x(c). Calculate u(-13).
-14
Let r(g) = 2*g + 7. Let v be 0/2*(7 - 8) + -3. Let j(f) = f + 8. Let o(i) = -5*i - 40. Let q(k) = -11*j(k) - 2*o(k). Let s(x) = v*q(x) - 2*r(x). Give s(6).
4
Let d(z) be the first derivative of -z**3/3 - 9*z**2/2 - 7*z + 849. Calculate d(-7).
7
Suppose 5*c + r = -27, 15 = -3*r + 8*r. Let x = c - 0. Let h(m) = 13*m**2 - 9 - 6*m + 12*m**2 - 26*m**2. Give h(x).
-9
Let c(n) = -2*n**2 + 53*n + 30. Let q be c(27). Let s(k) = -k**q + 6*k**2 + 6*k - 1 - 4*k**3 - 4*k**3 + 8*k**3 - k**2. What is s(6)?
-1
Let p be ((-6)/(-8))/((-156)/1872*(-18)/4). Let b(t) = 3*t**3 - 2*t**2 + t + 2. Calculate b(p).
20
Suppose 7 = 2*j - w + 14, -3 = 2*j - 5*w. Let v(b) = -2*b**3 - 11*b**2 - 7*b + 4. Give v(j).
-16
Let x(t) = 1 - 1 - 41*t + 40*t. Let p(b) = -10*b**3 - b**2 - 3*b - 3. Let i be p(-1). Suppose 3*z + 12 = -i. Determine x(z).
7
Let i(j) = j - 7. Suppose -7*q + 11*q = -3*b + 46, -3*q = 2*b - 30. Let s be 12*(2 + (-24)/b). Give i(s).
1
Suppose 4*h + t = 3*t + 138, 3*h + 5*t - 136 = 0. Let q = 36 - h. Let k be -23 + 19 - (0/2 + q). Let j(w) = -w - 1. Calculate j(k).
2
Let j(s) = -s**2 + 19*s + 15. Suppose 7*m - 17*m + 8*m = 26*m. Determine j(m).
15
Let n(w) = -w**2 + 8*w - 6. Let g = 2 - 2. Suppose -54*p + 99 = -63. Suppose g = p*y - 11 - 4. Determine n(y).
9
Let u(x) = -366*x + 159. Let z(h) = -104*h + 53. Let j(p) = -2*u(p) + 7*z(p). Give j(-10).
13
Let n(a) = -7*a. Let d be n(-1). Let x(u) be the first derivative of u**4/4 - 8*u**3/3 + 7*u**2/2 + 2*u + 200150. What is x(d)?
2
Let z(p) = 5*p**2 - 2*p - 6. Let y(h) = -h**2 - h + 1. Suppose 0*j = 2*j + 2. Let f be (-66)/(-44)*(-2 + 0). Let n(u) = f*y(u) + j*z(u). Calculate n(4).
-9
Let r(k) = k**3 + 4*k**2 + 11*k - 8. Let q(t) = 2*t**3 + 5*t**2 + 20*t - 15. Let a(b) = 3*q(b) - 5*r(b). Calculate a(4).
-1
Let g(w) = 17*w - 22*w**2 - 9*w**2 - 1807*w**3 + 1808*w**3 - 8*w + 21*w - 27. What is g(30)?
-27
Let o(v) = -2*v - 18. Let l = -148 - -230. Let r(y) = 169 - l - 86. Let m(t) = o(t) + 6*r(t). Calculate m(-10).
8
Let y be (7 + -3 - 0) + 23. Let d = y + -11. Suppose 0 = 7*x - 9 + d. Let q(h) = 4*h**3 - h - 1. Calculate q(x).
-4
Let a be 5/(-2)*12/(-10). Suppose 3*y - 6 = -3*t, -5*t = -3*y + y - a. Let m(f) be the second derivative of f**4/3 + f**2/2 + 4*f - 31. Calculate m(t).
5
Let p(z) = -z**2 + 5*z - 1. Let v = -6394 - -6398. Determine p(v).
3
Let h be -2 + 88/10 + 2/10. Let u(m) = 5*m + 45. Let r be u(-6). Let x(y) = 9 + y**2 - 8*y - r + 3*y. Calculate x(h).
8
Let g(v) = 3*v**3 - 15*v**2 + 13*v + 193. Let j(s) = s**3 - s**2 + 2*s + 42. Let t(n) = -g(n) + 4*j(n). What is t(-10)?
125
Let p(g) = -4*g**3 + 3*g**2 + 2*g - 2. Let h(t) be the first derivative of t**4/4 - 22*t**3/3 + t**2/2 - 24*t + 50. Let y be h(22). What is p(y)?
38
Let q(b) = 3*b - 5. Suppose -4*k = 3*u + 16, 0 = -4*u + 7*k - 3*k - 68. Let v(g) = 9*g + 110. Let l be v(u). Calculate q(l).
1
Let m(g) = -92 + 18*g + 7 - 4*g + 26*g. Calculate m(2).
-5
Let q(c) = 18*c**2 + 2*c + 1. Let p be ((-27 + 11)*(-5)/(-4))/(-1). Suppose p*l + 17 = -3. Give q(l).
17
Let b(l) = -6*l**3 - l**2 - l. Let x(h) = 2*h**3 - 4*h**2 - 2*h + 3. Let f be x(-2). Let c = f - -36. Suppose -c = 6*w - 5. Calculate b(w).
6
Let t = -17002 - -16988. Let n(g) = 3*g + 57. Give n(t).
15
Suppose -19 - 5 = -8*r. Suppose -4*y = 4*s - 1 - 7, -r*y + s - 6 = 0. Let q(x) = 4*x. Determine q(y).
-4
Let l(s) = 5*s - 71. Let r be (-1 - 23/(-2)) + (-555)/(-222). Determine l(r).
-6
Let z = -18 - -24. Let g(f) be the third derivative of -1/3*f**3 + 4*f**2 + 0 + 1/24*f**4 + f. Calculate g(z).
4
Let h be (-15)/6*(-1)/((-5)/(-4)). Let f(p) be the third derivative of 0*p + 0 + 0*p**4 - 1/60*p**5 + 4*p**2 + 1/3*p**3. Calculate f(h).
-2
Let q be ((-14)/42)/((-10)/930). Let u(l) = l**2 - 29*l - 72. Calculate u(q).
-10
Suppose -8 - 2 = 2*l. Suppose -4*i - 4*u + 14 = -3*u, 2*i + u - 8 = 0. Let q(x) = 7*x**2 + 3*x + i*x + 0*x - x**3 - x**2 - 10*x**2. Give q(l).
-5
Let q(x) be the second derivative of x**4/6 - 2*x**3 - x**2 + 12715*x. Determine q(6).
-2
Let n(b) be the third derivative of b**6/120 - b**5/12 - 5*b**4/24 + 5*b**3/6 - 913*b**2. Calculate n(4).
-31
Let i(q) = q - 1. Let m(n) = -6*n + 4. Let z(a) = -11*i(a) - 2*m(a). Let l be 5*12/4*-1*(-6)/(-18). Calculate z(l).
-2
Let k(w) = -2*w - 4. Suppose -5 + 77 = 4*u + 4*y, 4*y = 12. Suppose -z - 4 = q + 1, 5*z = -3*q - u. Give k(q).
6
Suppose 0 = 2*v - 4*s + 10 + 4, -3*s + 9 = -3*v. Let z be 1*4*v*(-5)/(-10). Suppose -z = -4*d + 18. Let f(y) = y**3 - 6*y**2 + 4*y + 7. Determine f(d).
2
Let g(d) = 5*d + 9. Let j be g(5). Suppose 2*v = 4*r + j, 2 - 20 = -4*v - 2*r. Let o(n) = n**2 - 9*n - 3. Calculate o(v).
-17
Suppose 504 = 120*g + 6*g. Let p(a) = -a**3 + 2*a**2 + 3*a - 13. What is p(g)?
-33
Let r(z) = -6*z**3 + 47*z**2 + 22*z - 60. Let b(l) = 5*l**3 - 44*l**2 - 21*l + 52. Let a(m) = 4*b(m) + 3*r(m). What is a(18)?
28
Let r(k) = -15*k**2 + 3 - 15221*k + 15218*k + 14*k**2. Determine r(8).
-85
Let h be (-7)/(-5) - 780/(-300). Suppose h*t - 2 = y, 4*t + 2 = 4*y - 2. Let o(n) = -n**3 + 2*n**2 + n - 2. Determine o(y).
0
Let l(d) = -2*d**2 + 46*d + 748. Let x be l(34). Let k(p) = -p**2 - 2*p + 38. What is k(x)?
38
Let l(w) be the second derivative of 0 - 29*w + 5/2*w**3 + 3/2*w**2 + 1/12*w**4. Calculate l(-13).
-23
Let k(c) = -c**2 - 6*c + 2. Suppose 2*h = -8 + 6. Let s be h + 0 + (-2 - (-18)/(-9)). Determine k(s).
7
Let s be 1/(-5*(-14)/(-1400)). Let x(k) = 2*k + 42. Determine x(s).
2
Suppose 3*q + 4*r + 12 = q, -5*q + r + 25 = 0. Let p be -1*2/4 - q/8. Let d(o) = 6*o**2 + 1 + 3*o - 3*o. Calculate d(p).
7
Let b(j) be the third derivative of j**6/120 - j**5/10 + j**4/8 + j**3 + 48*j**2 + j. Let s = -634 + 640. Give b(s).
24
Let u(a) = -a + 1. Suppose -2*m = v - 11, -3*v - 2*m + 9 = -4. Let j(i) be the first derivative of 9*i + 113. Let b(z) = v*u(z) - j(z). What is b(-6)?
-2
Let q(l) be the third derivative of l**5/60 - 2*l**4/3 - 3*l**3 + 463970*l**2. Suppose -2*v - 2*v = -68. Calculate q(v).
-1
Let l(j) = -10*j + 35. Let m(n) = -14*n + 43. Let w(g) = -4*l(g) + 3*m(g). Calculate w(10).
-31
Let v(b) = -b**2 + 3*b + 1. Let s(n) be the first derivative of 1/2*n**2 + 1/4*n**4 + 3*n - 13 + 0*n**3. Let z be s(0). Determine v(z).
1
Let j(i) = 3*i - 3. Let m(a) = 189*a**3 - a**2 + 2*a - 2. Let r be m(1). Let s be 3/36 - r/(-48). Determine j(s).
9
Let g(h) = 6*h**2 + 17*h + 12. Let i(q) = -q**2 - 2*q - 1. Let u(f) = -g(f) - 5*i(f). Let c be u(-6). Let y(a) = 8*a - 1. Give y(c).
-9
Let s(t) = 2*t - 9. Suppose -681 - 799 = 20*a. Let b = a + 81. Give s(b).
5
Suppose -32 = -3*h + 4*o, 264*h - 267*h + 2*o = -28. Let w(x) = -x**2 + 6*x - 10. Let n(v) = 2*v**2 - 12*v + 20. Let j(u) = 3*n(u) + 5*w(u). Calculate j(h).
26
Let r(s) = 3*s**2 + 65*s + 45. Let q be r(-21). Let w(a) = 3*a**2 - 13 + a**q + 3*a + 40 - 23 + 3*a**2. What is w(-5)?
14
Let a(x) = 113 + 97 - 9*x - 189. Determine a(-7).
84
Let i(t) = 1 + 21*t**2 - 16*t**2 - t**3 + 0*t - 4*t. Suppose 0 = -7*d + 42 - 7. Suppose -d*m + 68 = 53. Give i(m).
7
Let r(z) = -z + 30. Let n = 450 + -441. Give r(n).
21
Let w(s) be the first derivative of s**6/360 - s**5/12 + s**4/24 + 4*s**3 - 2*s**2 + 160. Let x(h) be the third derivative of w(h). What is x(9)?
-8
Let y(r) = 3*r**3 - 26*r**2 + 25*r + 11. Let m(w) = w**3 - 12*w**2 + 12*w + 5. Let p(d) = -5*m(d) + 2*y(d). Suppose -v - 13 = -4. Determine p(v).
6
Let x(y) = 4*y + 4 - 5 - y**2 - 5 - 5*y + 9*y. Suppose 0 = v - 2*h - 16, 5*h + 52 = 4*v + 3. Determine x(v).
6
Let f(u) = 45*u + 20. Let p(a) = 34*a + 15. Let